{"id":392,"date":"2022-04-22T14:26:11","date_gmt":"2022-04-22T12:26:11","guid":{"rendered":"http:\/\/smgenp.com\/site\/?page_id=392"},"modified":"2025-05-13T13:17:48","modified_gmt":"2025-05-13T11:17:48","slug":"tourisme","status":"publish","type":"page","link":"https:\/\/smgenp.com\/index.php\/tourisme\/","title":{"rendered":"Tourisme"},"content":{"rendered":"\t\t<div data-elementor-type=\"wp-page\" data-elementor-id=\"392\" class=\"elementor elementor-392\">\n\t\t\t\t\t\t<section class=\"elementor-section elementor-top-section elementor-element elementor-element-7a4c0dc elementor-section-stretched elementor-section-full_width elementor-section-height-min-height elementor-section-items-stretch hero_section elementor-section-height-default\" data-id=\"7a4c0dc\" data-element_type=\"section\" data-settings=\"{&quot;stretch_section&quot;:&quot;section-stretched&quot;,&quot;background_background&quot;:&quot;classic&quot;}\">\n\t\t\t\t\t\t<div class=\"elementor-container elementor-column-gap-no\">\n\t\t\t\t\t<div class=\"elementor-column elementor-col-50 elementor-top-column elementor-element elementor-element-c0bff33 elementor-invisible\" data-id=\"c0bff33\" data-element_type=\"column\" data-settings=\"{&quot;background_background&quot;:&quot;classic&quot;,&quot;animation&quot;:&quot;fadeInLeft&quot;}\">\n\t\t\t<div class=\"elementor-widget-wrap elementor-element-populated\">\n\t\t\t\t\t\t<div class=\"elementor-element elementor-element-5f2ea7f de_scroll_animation_no elementor-widget elementor-widget-heading\" data-id=\"5f2ea7f\" data-element_type=\"widget\" data-widget_type=\"heading.default\">\n\t\t\t\t<div class=\"elementor-widget-container\">\n\t\t\t<style>\/*! elementor - v3.20.0 - 13-03-2024 *\/\n.elementor-heading-title{padding:0;margin:0;line-height:1}.elementor-widget-heading .elementor-heading-title[class*=elementor-size-]>a{color:inherit;font-size:inherit;line-height:inherit}.elementor-widget-heading .elementor-heading-title.elementor-size-small{font-size:15px}.elementor-widget-heading .elementor-heading-title.elementor-size-medium{font-size:19px}.elementor-widget-heading .elementor-heading-title.elementor-size-large{font-size:29px}.elementor-widget-heading .elementor-heading-title.elementor-size-xl{font-size:39px}.elementor-widget-heading .elementor-heading-title.elementor-size-xxl{font-size:59px}<\/style><h2 class=\"elementor-heading-title elementor-size-default\">Tourisme<\/h2>\t\t<\/div>\n\t\t\t\t<\/div>\n\t\t\t\t\t<\/div>\n\t\t<\/div>\n\t\t\t\t<div class=\"elementor-column elementor-col-50 elementor-top-column elementor-element elementor-element-24b9b21 elementor-hidden-phone\" data-id=\"24b9b21\" data-element_type=\"column\">\n\t\t\t<div class=\"elementor-widget-wrap\">\n\t\t\t\t\t\t\t<\/div>\n\t\t<\/div>\n\t\t\t\t\t<\/div>\n\t\t<\/section>\n\t\t\t\t<section class=\"elementor-section elementor-top-section elementor-element elementor-element-16ab014 elementor-section-content-middle elementor-section-boxed elementor-section-height-default elementor-section-height-default\" data-id=\"16ab014\" data-element_type=\"section\" data-settings=\"{&quot;background_background&quot;:&quot;classic&quot;}\">\n\t\t\t\t\t\t<div class=\"elementor-container elementor-column-gap-default\">\n\t\t\t\t\t<div class=\"elementor-column elementor-col-100 elementor-top-column elementor-element elementor-element-545a8df\" data-id=\"545a8df\" data-element_type=\"column\">\n\t\t\t<div class=\"elementor-widget-wrap elementor-element-populated\">\n\t\t\t\t\t\t<div class=\"elementor-element elementor-element-b90e232 de_scroll_animation_no elementor-widget elementor-widget-heading\" data-id=\"b90e232\" data-element_type=\"widget\" data-widget_type=\"heading.default\">\n\t\t\t\t<div class=\"elementor-widget-container\">\n\t\t\t<h2 class=\"elementor-heading-title elementor-size-default\">D\u00e9couvrez Rabat, entre patrimoine et modernit\u00e9<\/h2>\t\t<\/div>\n\t\t\t\t<\/div>\n\t\t\t\t<div class=\"elementor-element elementor-element-9c8364c de_scroll_animation_no elementor-widget elementor-widget-text-editor\" data-id=\"9c8364c\" data-element_type=\"widget\" data-widget_type=\"text-editor.default\">\n\t\t\t\t<div class=\"elementor-widget-container\">\n\t\t\t<style>\/*! elementor - v3.20.0 - 13-03-2024 *\/\n.elementor-widget-text-editor.elementor-drop-cap-view-stacked .elementor-drop-cap{background-color:#69727d;color:#fff}.elementor-widget-text-editor.elementor-drop-cap-view-framed .elementor-drop-cap{color:#69727d;border:3px solid;background-color:transparent}.elementor-widget-text-editor:not(.elementor-drop-cap-view-default) .elementor-drop-cap{margin-top:8px}.elementor-widget-text-editor:not(.elementor-drop-cap-view-default) .elementor-drop-cap-letter{width:1em;height:1em}.elementor-widget-text-editor .elementor-drop-cap{float:left;text-align:center;line-height:1;font-size:50px}.elementor-widget-text-editor .elementor-drop-cap-letter{display:inline-block}<\/style>\t\t\t\t<p>\u00c0 l\u2019occasion de notre congr\u00e8s scientifique, nous vous invitons \u00e0 d\u00e9couvrir Rabat, la capitale du Royaume du Maroc, une ville au charme unique o\u00f9 se rencontrent histoire, culture et modernit\u00e9.<\/p><p>\u00a0<\/p><p>Class\u00e9e au patrimoine mondial de l\u2019UNESCO, Rabat s\u00e9duit par la richesse de son patrimoine architectural : la majestueuse Kasbah des Oudayas et ses ruelles blanches et bleues, la tour Hassan inachev\u00e9e et le Mausol\u00e9e Mohammed V, chef-d\u2019\u0153uvre de l\u2019art marocain traditionnel. Le Chellah, site arch\u00e9ologique aux vestiges romains et m\u00e9rinides, offre une promenade paisible au c\u0153ur de l\u2019histoire. Ne manquez pas \u00e9galement la m\u00e9dina de Rabat, authentique et vivante, id\u00e9ale pour une immersion dans l\u2019artisanat et les traditions locales.<\/p><p>\u00a0<\/p><p>La ville propose \u00e9galement un visage contemporain avec des espaces comme le Mus\u00e9e Mohammed VI d\u2019art moderne et contemporain, la Biblioth\u00e8que nationale, ou encore la plage de Rabat et sa corniche de Bouregreg, parfaites pour une pause en bord de mer, la for\u00eat urbaine Ibn Sina pour une promenade paisible sous l&#8217;ombre de ses arbres, preuve que Rabat est une cit\u00e9 verte.<\/p><p>Rabat exprime beaucoup de charme et s\u00e9duit par la beaut\u00e9 de ses nombreuses facettes qui raviront tout visiteur.<\/p><p>\u00a0<\/p><p>C\u00f4t\u00e9 saveurs, Rabat ravira les gourmets. Go\u00fbtez \u00e0 des plats embl\u00e9matiques comme le tajine de poisson, sp\u00e9cialit\u00e9 locale, les pastillas au poulet ou aux fruits de mer, ou encore les brochettes \u00e9pic\u00e9es accompagn\u00e9es de pain traditionnel. Terminez sur une note sucr\u00e9e avec des cornes de gazelle, chebakia ou un verre de th\u00e9 \u00e0 la menthe, symbole de l\u2019hospitalit\u00e9 marocaine.<\/p><p>\u00a0<\/p><p>Facile d\u2019acc\u00e8s, s\u00e9curis\u00e9e et dot\u00e9e d\u2019une excellente infrastructure h\u00f4teli\u00e8re, Rabat est la ville id\u00e9ale pour allier participation scientifique et d\u00e9couverte culturelle.<\/p>\t\t\t\t\t\t<\/div>\n\t\t\t\t<\/div>\n\t\t\t\t<div class=\"elementor-element elementor-element-3698520 de_scroll_animation_no elementor-widget elementor-widget-heading\" data-id=\"3698520\" data-element_type=\"widget\" data-widget_type=\"heading.default\">\n\t\t\t\t<div class=\"elementor-widget-container\">\n\t\t\t<h3 class=\"elementor-heading-title elementor-size-default\">Nous serons ravis de vous y accueillir durant ce congr\u00e8s !<\/h3>\t\t<\/div>\n\t\t\t\t<\/div>\n\t\t\t\t\t<\/div>\n\t\t<\/div>\n\t\t\t\t\t<\/div>\n\t\t<\/section>\n\t\t\t\t<\/div>\n\t\t","protected":false},"excerpt":{"rendered":"<p>Tourisme D\u00e9couvrez Rabat, entre patrimoine et modernit\u00e9 \u00c0 l\u2019occasion de notre congr\u00e8s scientifique, nous vous invitons \u00e0 d\u00e9couvrir Rabat, la capitale du Royaume du Maroc, une ville au charme unique o\u00f9 se rencontrent histoire, culture et modernit\u00e9. \u00a0 Class\u00e9e au patrimoine mondial de l\u2019UNESCO, Rabat s\u00e9duit par la richesse de son patrimoine architectural : la&hellip; <a class=\"more-link\" href=\"https:\/\/smgenp.com\/index.php\/tourisme\/\">Continue reading <span class=\"screen-reader-text\">Tourisme<\/span><\/a><\/p>\n","protected":false},"author":1,"featured_media":0,"parent":0,"menu_order":0,"comment_status":"closed","ping_status":"closed","template":"elementor_header_footer","meta":{"footnotes":""},"class_list":["post-392","page","type-page","status-publish","hentry","entry"],"_links":{"self":[{"href":"https:\/\/smgenp.com\/index.php\/wp-json\/wp\/v2\/pages\/392","targetHints":{"allow":["GET"]}}],"collection":[{"href":"https:\/\/smgenp.com\/index.php\/wp-json\/wp\/v2\/pages"}],"about":[{"href":"https:\/\/smgenp.com\/index.php\/wp-json\/wp\/v2\/types\/page"}],"author":[{"embeddable":true,"href":"https:\/\/smgenp.com\/index.php\/wp-json\/wp\/v2\/users\/1"}],"replies":[{"embeddable":true,"href":"https:\/\/smgenp.com\/index.php\/wp-json\/wp\/v2\/comments?post=392"}],"version-history":[{"count":49,"href":"https:\/\/smgenp.com\/index.php\/wp-json\/wp\/v2\/pages\/392\/revisions"}],"predecessor-version":[{"id":2628,"href":"https:\/\/smgenp.com\/index.php\/wp-json\/wp\/v2\/pages\/392\/revisions\/2628"}],"wp:attachment":[{"href":"https:\/\/smgenp.com\/index.php\/wp-json\/wp\/v2\/media?parent=392"}],"curies":[{"name":"wp","href":"https:\/\/api.w.org\/{rel}","templated":true}]}}